21)?
-9
Let i(c) = 11*c**2 - 225*c - 137. Give i(21).
-11
Let s(i) = -i**3 - i**2 - 3*i - 317. Calculate s(0).
-317
Let v(d) = d**2 - 3052*d + 15230. Give v(5).
-5
Let u(l) = -30*l - 37. Give u(1).
-67
Let j(i) = -462*i + 103491. Give j(224).
3
Let l(f) = 61*f**2 + 548*f - 9. Calculate l(-9).
0
Let d(h) = h**2 - 15*h - 140. What is d(-7)?
14
Let u(y) = 27*y - 227. Calculate u(12).
97
Let f(y) = -y**3 + 11*y**2 + 19*y - 90. What is f(12)?
-6
Let t(s) = s**2 + 9*s - 87. Calculate t(4).
-35
Let a(k) = -5*k**3 - 13*k**2 - 15*k - 15. What is a(-1)?
-8
Let b(h) = 2*h**3 - 11*h**2 + 4*h + 5. Calculate b(5).
0
Let z(b) = -4*b + 75. Determine z(27).
-33
Let q(r) = 1161*r - 5795. Determine q(5).
10
Let v(i) = -16*i - 28. What is v(16)?
-284
Let x(c) = 3*c**2 - 8*c - 292. Give x(-9).
23
Let h(p) = 2*p + 17. Give h(-26).
-35
Let f(b) = 1769*b + 24761. Determine f(-14).
-5
Let f(g) = 2*g**3 - 122*g**2 - 4*g + 251. Determine f(61).
7
Let h(w) = 3*w**2 + 482*w - 160. Give h(-161).
1
Let j(t) = 5*t**2 - 104*t + 823. Give j(8).
311
Let n(i) = -11*i**2 + 691*i - 4721. Determine n(55).
9
Let o(j) = 23*j - 122. Give o(5).
-7
Let y(c) = -58*c**2 - 55*c + 71. Calculate y(1).
-42
Let z(t) = t**3 - 8*t**2 - 43*t + 111. Determine z(11).
1
Let u(g) = -2*g**3 + 32*g**2 - 4*g + 58. What is u(16)?
-6
Let c(i) = 3*i**3 + 2*i**2 + 5*i - 13. Determine c(5).
437
Let g(q) = 13*q + 286. Give g(-18).
52
Let s(o) = -o**3 + 8*o**2 + 32*o - 75. Give s(11).
-86
Let g(w) = w**3 - 7*w**2 + 297. Calculate g(0).
297
Let q(t) = -6*t**2 + 12*t - 100. Calculate q(4).
-148
Let z(u) = -2*u**2 - 167*u - 1718. Determine z(-12).
-2
Let z(s) = -5*s**2 - 22*s - 4. What is z(-3)?
17
Let a(z) = -14*z - 434. Determine a(-17).
-196
Let q(k) = 17*k**2 + 308*k + 23. Calculate q(-18).
-13
Let h(q) = -2*q**3 + q**2 + 300*q - 19. Give h(-12).
-19
Let m(b) = -b**3 + 25*b**2 + 66*b - 53. Calculate m(27).
271
Let u(l) = l**3 - 12*l**2 + 62*l + 16. What is u(6)?
172
Let o(m) = -m**3 - 10*m**2 - 20*m + 30. Calculate o(-6).
6
Let h(n) = -n**2 + 16*n - 72. What is h(4)?
-24
Let p(h) = -49*h - 139. What is p(-3)?
8
Let d(o) = o**3 - 7*o**2 - 17*o + 30. Determine d(7).
-89
Let x(h) = -h**2 - 1638*h + 34842. Determine x(21).
3
Let d(w) = w**2 + 39*w + 957. What is d(-17)?
583
Let s(k) = 36*k**2 + 35*k + 11. Give s(4).
727
Let c(v) = v**3 + 6*v**2 - 7*v - 78. What is c(-5)?
-18
Let k(b) = 8*b**2 + 3*b + 2. Calculate k(-1).
7
Let z(n) = 3993*n - 47975. Determine z(12).
-59
Let q(s) = s**3 + 14*s**2 - 11*s + 148. Calculate q(-15).
88
Let t(k) = -k**3 + 16*k**2 - 209*k + 501. Give t(3).
-9
Let n(v) = v**2 + 520*v - 6385. Calculate n(12).
-1
Let i(g) = -g**3 + 18*g**2 + 13*g - 250. Give i(18).
-16
Let z(w) = -101*w - 3528. Determine z(-35).
7
Let q(c) = 10*c + 675. What is q(-53)?
145
Let u(q) = 3*q**3 - 6*q**2 - 5*q + 2. Determine u(-1).
-2
Let z(x) = x**3 + 10*x**2 + 9*x - 29. Give z(-9).
-29
Let k(b) = 71*b - 101. What is k(2)?
41
Let a(u) = -u**2 + 134*u - 2635. What is a(24)?
5
Let d(y) = -y**3 + 76*y**2 + 407*y - 127. Determine d(81).
35
Let j(h) = -319*h - 29999. What is j(-94)?
-13
Let x(t) = 2*t**2 - 83*t + 170. Give x(41).
129
Let c(w) = 121*w - 185. Calculate c(1).
-64
Let p(j) = -347*j + 38141. Calculate p(110).
-29
Let n(o) = -30*o**2 - 500*o + 1510. What is n(3)?
-260
Let k(l) = 16*l**2 - 19*l - 18. Calculate k(-1).
17
Let a(t) = -5270*t + 5272. Calculate a(1).
2
Let j(g) = g**3 - 4*g**2 + 6*g + 4. Calculate j(6).
112
Let h(k) = -k**3 - 7*k**2 + 342*k + 2673. What is h(-8)?
1
Let j(s) = -s**2 + 485*s - 1406. Give j(3).
40
Let o(h) = 5*h - 20. Calculate o(-24).
-140
Let s(c) = c**3 - 44*c**2 - 2545*c - 132. Calculate s(-33).
0
Let j(a) = 48*a + 3714. Determine j(-75).
114
Let t(v) = -v**3 + 20*v**2 - 76*v + 59. Determine t(5).
54
Let s(c) = c**3 - 8*c**2 + 37*c - 183. Determine s(6).
-33
Let x(t) = -2869*t + 17206. Give x(6).
-8
Let w(n) = 2*n**3 + 5*n**2 - 4*n + 32. Give w(0).
32
Let p(j) = j**3 - 51*j**2 + 95*j + 148. Give p(49).
1
Let t(f) = f**3 - 231*f**2 - 1185*f + 1181. Calculate t(236).
1
Let t(q) = q**3 - 12*q**2 - 26*q + 307. Determine t(12).
-5
Let l(u) = -u**2 - 67*u - 1001. Determine l(-23).
11
Let f(h) = h**3 - 134*h**2 + 3469*h - 138. Calculate f(35).
2
Let o(q) = 1475*q + 11818. What is o(-8)?
18
Let w(z) = 18*z**2 + 885*z + 139. Give w(-49).
-8
Let d(b) = b**3 - 35*b**2 - 13*b + 439. Calculate d(35).
-16
Let a(m) = 47*m + 134. Calculate a(5).
369
Let v(l) = -5*l**2 + 8*l + 39. Calculate v(-4).
-73
Let z(u) = 3*u**2 - 6*u - 9. Determine z(7).
96
Let h(t) = -3*t - 49. Give h(-15).
-4
Let l(a) = -551*a**3 - a**2 - 1. What is l(-1)?
549
Let w(v) = 50*v - 388. Give w(8).
12
Let h(n) = -38*n + 1939. Determine h(51).
1
Let j(d) = 46*d - 680. What is j(16)?
56
Let w(n) = 6*n - 113. Calculate w(5).
-83
Let k(d) = -d**2 - 127*d - 3724. Determine k(-79).
68
Let v(a) = -97*a + 405. What is v(4)?
17
Let y(g) = 7*g**2 - 511*g + 1545. Give y(3).
75
Let c(s) = -s**3 + 7*s**2 - 22*s + 75. Determine c(5).
15
Let m(h) = 3*h**2 - 93*h + 333. Determine m(4).
9
Let d(h) = 3*h**3 - 75*h**2 - 158*h - 36. Determine d(27).
72
Let l(w) = -71*w - 342. Calculate l(-5).
13
Let o(r) = r**3 - 3*r**2 - 22*r - 39. Determine o(7).
3
Let k(f) = -11*f**3 + 141*f**2 + 22*f - 94. Calculate k(13).
-146
Let a(k) = -339*k + 9905. What is a(29)?
74
Let l(s) = -370*s - 1434. Determine l(-4).
46
Let p(q) = -q**2 - 193*q - 9305. Determine p(-92).
-13
Let f(c) = -c**2 - 50*c + 1597. What is f(-72)?
13
Let l(h) = 96*h**2 - 477*h - 477. Give l(-1).
96
Let r(o) = 678*o - 66447. Give r(98).
-3
Let h(k) = -367*k - 2930. What is h(-8)?
6
Let v(i) = 154*i + 3092. What is v(-20)?
12
Let r(m) = -3*m - 38. Calculate r(7).
-59
Let g(o) = -2*o**3 + 86*o**2 + 90*o - 85. Calculate g(44).
3
Let i(s) = 3*s**2 - 56*s - 22. Determine i(17).
-107
Let r(g) = -1109*g - 18825. Calculate r(-17).
28
Let k(g) = g**3 - 17*g**2 - 27*g + 153. Calculate k(18).
-9
Let g(t) = 18*t**2 + 253*t - 22. Give g(-14).
-36
Let m(d) = 2*d**3 - 282*d**2 - 289*d + 710. Determine m(142).
0
Let l(j) = 7*j + 90. Determine l(-3).
69
Let f(t) = -t**3 + 14*t**2 - 23*t + 79. Determine f(11).
189
Let h(z) = -20*z**2 + 31*z + 113. Calculate h(-3).
-160
Let t(x) = -x**3 + 19*x**2 + 183*x - 3248. What is t(20)?
12
Let a(g) = -14*g - 4. Calculate a(-7).
94
Let c(g) = g**3 - 6*g**2 - 18*g - 73. Give c(9).
8
Let i(k) = 635*k + 12674. Calculate i(-20).
-26
Let w(c) = 4*c**2 + 1839*c - 7394. Give w(4).
26
Let f(m) = -15*m + 677. Calculate f(22).
347
Let p(j) = 21*j**2 - j - 12. What is p(-4)?
328
Let u(d) = d**2 - 55*d + 391. Calculate u(46).
-23
Let k(x) = 2*x**2 + 355*x + 2588. Determine k(-170).
38
Let z(h) = -72*h - 644. Determine z(-9).
4
Let a(o) = -o**2 - 3*o + 150. Determine a(11).
-4
Let a(q) = 17*q**2 + 346*q - 28. Give a(-20).
-148
Let z(w) = -2*w**3 + 31*w**2 + 18*w - 47. Determine z(16).
-15
Let s(z) = -z**3 + 15*z**2 - 27*z + 134. Give s(16).
-554
Let s(h) = -2193*h - 8755. Calculate s(-4).
17
Let x(w) = 6*w**3 - 47*w**2 - 4. What is x(8)?
60
Let d(l) = 131*l + 72. Determine d(-1).
-59
Let w(i) = i**3 - 33*i**2 + 118*i - 8. What is w(4)?
0
Let w(c) = 58*c**2 - 1507*c - 12. What is w(26)?
14
Let g(a) = -a**3 - 169*a**2 - 348*a - 2349. Determine g(-167).
-11
Let h(u) = -4*u + 69. What is h(-13)?
121
Let k(l) = -1446*l - 3125. Give k(-2).
-233
Let q(k) = -21*k**2 - 34*k - 33. Calculate q(-1).
-20
Let t(y) = y**3 + 10*y**2 - 11*y - 178. Determine t(-9).
2
Let v(j) = j**3 - 13*j**2 + 38*j - 5. What is v(12)?
307
Let p(s) = s**3 - 18*s**2 - 46*s + 122. Calculate p(20).
2
Let i(v) = -v**3 - 27*v**2 - 50*v - 65. What is i(-25)?
-65
Let h(x) = -x**3 + 3*x**2 + 38*x. Calculate h(-5).
10
Let o(b) = -97*b**2 - 238*b - 10. What is o(-2)?
78
Let v(i) = -i**3 + 7*i**2 + 9*i + 23. Calculate v(10).
-187
Let o(h) = -213*h - 7755. Determine o(-37).
126
Let i(d) = 4*d**2 - 187*d - 482. What is i(49)?
-41
Let z(t) = 736*t + 3669. What is z(-5)?
-11
Let t(j) = -41*j**2 - 113*j - 74. Calculate t(-1).
-2
Let y(u) = -u**3 - 24*u**2 - 18*u + 137. What is y(-23)?
22
Let c(a) = -a**3 - 7*a**2 - 4*a + 28. What is c(-4)?
-4
Let g(d) = -d**2 - 235*d - 3703. Give g(-17).
3
Let b(t) = -2*t**2 + 667*t - 27. Give b(0).
-27
Let h(n) = n**2 - 70*n - 4601. Calculate h(110).
-201
Let j(z) = z**3 - 100*z**2 - 297*z